nder when 256 is divided by u(27)?
43
Let b(p) be the second derivative of p**3/6 - 3*p**2 + 3*p. Calculate the remainder when 5 is divided by b(9).
2
Suppose 35 = -n + 58. What is the remainder when 113 is divided by n?
21
What is the remainder when (-260)/(-15) + (-8)/24 is divided by 10?
7
Suppose 20 = 3*d + 2*d, q = d + 2. Let g = -105 - -138. Suppose -7*m - g = -18*m. Calculate the remainder when q is divided by m.
0
Let y be 20/110 - 84/(-22). Suppose 3*m = y*o + 45, o - 60 = -4*m + 5*o. What is the remainder when 19 is divided by m?
4
Suppose 12*s = 15*s - 18. Suppose -t = -2*a - s, -t + 50 = 2*t + 2*a. Calculate the remainder when t is divided by 10.
4
Let u = 11 - 8. Suppose -89 = -u*x - 2*l, x - 3*l = 4*x - 87. What is the remainder when x is divided by 37 - (9 - (-30 + 19))?
14
Let t(r) = r**2 - 3*r - 4. Let n be t(-2). Suppose m + 350 = n*m. Calculate the remainder when m is divided by 37.
33
Suppose -6*o + 8*o - 28 = -2*g, 4*g = 3*o + 42. Let y(q) = -20 - 16 - q + 3*q**2 + 33. Calculate the remainder when y(3) is divided by g.
9
Let q be (-6)/8*40/(-15). Suppose 0 = 2*a - q*h - 14, 2 + 2 = 4*h. Calculate the remainder when 66/a - 11/44 is divided by 3.
2
Let c(a) = a**2 - a - 4. Let i be c(0). Calculate the remainder when -2*1245/(-42) - i/(-14) is divided by -30*(8/6 - 2).
19
Let b(i) be the second derivative of 5*i**4/12 - 4*i**3/3 - 5*i**2/2 - 10*i. Let a = 11 - -4. Calculate the remainder when b(4) is divided by a.
13
Let q be (-4)/10 + (-4)/(-10). Suppose -398 = -5*k + 3*m - 76, q = -3*k - 3*m + 174. What is the remainder when k is divided by (-2)/(-5)*5 + (-76)/(-4)?
20
Suppose t - 4 = 0, -8 = -5*i + 4*t + 26. Calculate the remainder when 148 is divided by i.
8
Let z = -1414 - -1538. What is the remainder when 477 is divided by z?
105
Suppose 12 = -5*k + 262. Let p(w) = 2*w**2 - 10*w + 6. Calculate the remainder when k is divided by p(6).
14
Suppose -d - 3*f + 17 + 14 = 0, 77 = 3*d + f. What is the remainder when d is divided by 14?
11
Suppose 0 = -2*h - 22 - 22. Let x = h - -29. Let s = -2 + 4. What is the remainder when x is divided by s?
1
Let a be 2/(-15) + (-47)/(-15). Let l(m) = 4*m**3 - 2*m**2 - 4*m - 4. Calculate the remainder when l(a) is divided by 21.
11
Suppose -a + 80 = a. Suppose 4*t - 20 - a = 0. Let z = 97 - 40. Calculate the remainder when z is divided by t.
12
Let c(q) = -88*q + 361. Suppose -t = -4 - 1. Calculate the remainder when c(4) is divided by t.
4
Let i(a) = -a**3 - 4*a**2 - 2*a - 31. Calculate the remainder when i(-8) is divided by 62.
55
Suppose 0 = -v + 2*f + f + 265, 5*v + 3*f = 1361. Let i = 417 + -378. What is the remainder when v is divided by i?
37
Suppose 2*j + 12 = 5*c, 3*j - 5*j = -c - 4. Suppose 12*i + 4 = 13*i. Calculate the remainder when c is divided by i.
0
Let s(r) = 5 + 4*r**2 - 6*r**2 + r**2 - 6*r. Calculate the remainder when s(-5) is divided by 8.
2
Suppose -15*f + 423 = -12*f. Let l = 54 + -18. What is the remainder when f is divided by l?
33
Let i(s) = s**3 + 16*s**2 - 14*s + 45. Let j be i(-17). Calculate the remainder when (-35 + 5)*(2 + 1 + j) is divided by 16.
10
Suppose 67*f = 61*f + 180. What is the remainder when 119 is divided by f?
29
Let r(p) = p**3 - 2*p**2 + 3*p - 6. Let c be r(2). Suppose c = -5*y - y + 48. What is the remainder when 95 is divided by y?
7
Suppose 0 = -5*x + 329 + 121. Let s = 50 - 27. Calculate the remainder when x is divided by s.
21
Let q(n) = -n**3 + 33*n**2 + 3*n - 26. Calculate the remainder when q(33) is divided by 21.
10
Let j(r) = -r**3 - 2*r**2 + r + 767. Calculate the remainder when j(0) is divided by 64.
63
Let a = 4063 - 4035. What is the remainder when 98 + 2/1 + -1 is divided by a?
15
Let c(s) = s**2 + 18*s - 7. Let z be c(-20). Calculate the remainder when 29 is divided by z*((-12)/(-9) - 1).
7
Calculate the remainder when (-3)/5 - 1916*21/(-210) is divided by 8.
7
Let f(p) = p**3 + 3*p**2 + 6*p - 2. Let d = 2248 - 2231. Calculate the remainder when f(4) is divided by d.
15
Suppose -406 - 583 = -23*m. What is the remainder when 94 is divided by m?
8
Let l(o) = -o + 13. Let w = 28 - 22. Let z(h) = h**3 - 5*h**2 - 5*h - 2. Let a be z(w). Calculate the remainder when l(a) is divided by 4.
1
Let l(i) = 2*i**2 - 7*i - 108. Calculate the remainder when l(15) is divided by 25.
12
Let m(t) = -21*t**2 - 4*t - 5. Let c be m(-2). Let b = 160 + c. What is the remainder when b is divided by 20?
19
Suppose f + 5*i = 85, 2*i - 6 + 8 = 0. What is the remainder when 448 is divided by f?
88
Let r(g) = 4*g**2 - 2*g + 1. Let n(u) = 4*u**2 - 2*u + 2. Let l(d) = -4*n(d) + 5*r(d). What is the remainder when 26 is divided by l(2)?
8
Suppose -6 = -0*d - 3*d. Let n(y) = -6 + y**2 + 3 - y + 6 + d. What is the remainder when n(9) is divided by 20?
17
Suppose -2*r + v - 52 = 0, 2*r + 2*v = 2 - 42. Let f = 51 + r. What is the remainder when 80 is divided by f?
26
Let r = 497 - 446. What is the remainder when r is divided by 4?
3
Let z = -368 - -397. What is the remainder when z is divided by 12?
5
Let y = 43 - 19. Suppose -2*z = -6 - 60. Let s = 80 - z. What is the remainder when s is divided by y?
23
Suppose 0 = -5*r - 13 + 108. Suppose 4*n + 4 = 0, -6*n = a - 3*n + 4. What is the remainder when r is divided by a - (-3)/((-15)/(-40))?
5
Suppose -3*y + 5*x + 184 + 243 = 0, -10 = 5*x. Calculate the remainder when y is divided by 29.
23
Let s(h) be the third derivative of h**6/120 - 19*h**5/60 + 7*h**4/8 - 2*h**3/3 - 19*h**2. What is the remainder when 197 is divided by s(18)?
47
Suppose -v = -2*v. Suppose v = -3*m - 2*m + 970. Suppose -m = -4*j - 2*k, -2*j + 40 + 51 = -5*k. What is the remainder when j is divided by 25?
23
Let d = 70 + -71. Calculate the remainder when 113 is divided by ((3 + -4)/d)/((-3)/(-69)).
21
Let o be (6/5)/(12/40). Suppose o*i + 156 = b, 2*b = -i - 2*i + 356. Let x = b + -99. Calculate the remainder when x is divided by 25.
23
Suppose 3*t + 5*d + 37 = 2, -2*t - d - 28 = 0. Let x(k) = k**2 + 17*k + 49. Calculate the remainder when 54 is divided by x(t).
16
Let j(o) be the third derivative of -13/24*o**4 + 0 + 13*o**2 + 4*o**3 + 1/60*o**5 + 0*o. What is the remainder when j(11) is divided by 1?
0
Let b(s) = s**3 + 22*s**2 - 23*s + 25. Suppose -21*y + 92 = -25*y. Calculate the remainder when b(y) is divided by 17.
8
Let n = 46 + -29. Let g(d) = d**3 + 18*d**2 - 31*d + 211. What is the remainder when g(-20) is divided by n?
14
Let h(v) = 16*v + 90. What is the remainder when h(17) is divided by 91?
89
Let w = 1249 - 1211. What is the remainder when 165 is divided by w?
13
Let h = -75 - -75. Calculate the remainder when h + 2 + 22 - 3 is divided by 6.
3
Let b be (-40)/2*(-138)/8. What is the remainder when 201 is divided by b/12 + 5 + 1/4?
31
Let z = 80 + -72. What is the remainder when z - -1 - (-1 - 1) is divided by 4?
3
Suppose 0 = -z - 2*n + 21, 0*z - 4*z = 3*n - 69. Let i be 2/7 - 93/7. Let s = z + i. What is the remainder when 3 is divided by s?
1
Suppose -2*j = -8 - 0, 2 = -2*y + 2*j. Suppose y*m = 3 - 21. Let n(c) = -2*c - 4. Calculate the remainder when 23 is divided by n(m).
7
Let l be (-1 - 0)*(4 + -11). Suppose -10 = 2*g - l*g. What is the remainder when (g + 9/(-4))*-76 is divided by 8?
3
Let d(s) = -51*s - 37. Calculate the remainder when d(-2) is divided by 11.
10
Calculate the remainder when 149/(4/(-2 - -6)) is divided by 51.
47
Let w = 18 - 9. Let m = -13 - -14. Calculate the remainder when (m - (-159)/(-3))*2/(-4) is divided by w.
8
Let l(f) be the first derivative of f**3/3 - 9*f**2/2 - 19*f - 2. Let s = 17 + -4. What is the remainder when l(14) is divided by s?
12
Let a be ((-20)/14)/(6/(-21)). Suppose k + a*b = 33, 5*k + 5*b = 2*b + 187. What is the remainder when 151 is divided by k?
37
Suppose 5*t + 25 = -20. Let x = t - -14. Suppose -x*p - v - v + 113 = 0, 4*p - 100 = -4*v. Calculate the remainder when 81 is divided by p.
18
Calculate the remainder when 132 is divided by (8 - 6) + 10 - 9/(-3).
12
Suppose -65*j + 69*j = 520. Calculate the remainder when j is divided by 67.
63
Let j = 85 + -11. What is the remainder when (-12)/(-18) + j/6 is divided by 26/3 - (-2)/(-3)?
5
Let h(z) = z**2 - 7*z. Let v be h(6). Let l(a) be the second derivative of a**4/6 + 3*a**3/2 + 7*a**2/2 - 2*a. What is the remainder when l(v) is